 of 30*(2/d)/(6/(-28))?
2, 5, 7
Let a(z) = -122*z - 578. What are the prime factors of a(-16)?
2, 3, 229
Suppose 0 = 4*i - 12, 8*w - 5*i + 1764 = 11*w. List the prime factors of w.
11, 53
Let l = -5 - -8. Suppose 0 = -l*g - 23 + 116. List the prime factors of g.
31
Let p(t) = 13*t**2 + 5*t + 7. What are the prime factors of p(-16)?
3, 5, 7, 31
Let x be (-3871)/105 + 4/(-30). Let n = 53 + x. What are the prime factors of n?
2
Let z = 865 - 882. Let y = 97 + -66. Let w = y + z. What are the prime factors of w?
2, 7
Suppose -265 - 2129 = -6*s. List the prime factors of s.
3, 7, 19
Suppose 22*j = 24*j - 406. Suppose 8*l = j + 101. What are the prime factors of l?
2, 19
Let q(g) = -48*g - 6. List the prime factors of q(-9).
2, 3, 71
Suppose 5*v = 7*h - 10*h + 2589, -4*h - 4*v = -3460. What are the prime factors of h?
2, 7, 31
What are the prime factors of 3116/14 + 1 + 8/(-14)?
223
Let g be 4 + (-5 - -13 - -2). Suppose -g*b + 888 = -2*b. List the prime factors of b.
2, 37
Let m = -31 - -25. Let b(n) = -3*n - 18. Let c(l) = 6*l + 35. Let k(f) = m*c(f) - 13*b(f). What are the prime factors of k(7)?
3, 5
Let m(k) = 11*k - 6. Let l be m(5). Let r = l + -24. List the prime factors of r.
5
List the prime factors of 1*-55*4307/(-365).
11, 59
Suppose -8 = -2*n + 3*y, -5*n + 2*y + 20 = -y. Suppose -4*o + 97 = 5*h, n*h = -2*o + 4*o - 68. List the prime factors of o.
2, 7
Let h be (-16)/(-72) - 2066/(-18). Let t = h + -80. What are the prime factors of t?
5, 7
Suppose 3*h + 75 = 8*h. Suppose 0 = 3*b - 8*b + h. What are the prime factors of b?
3
Let t(g) be the third derivative of 29*g**5/30 + g**4/24 - g**3/3 + 10*g**2. What are the prime factors of t(1)?
3, 19
Let s(l) = -l**2 - 13*l + 2. Let f(q) = q**2 - q - 1. Let g be f(-2). Suppose 2*m + 35 = 3*p, 2*p - g - 14 = m. What are the prime factors of s(m)?
2
Let o(b) = -256*b + 180. List the prime factors of o(-12).
2, 3, 271
Let i be (3 - (-34)/(-4))*-2. Let c(l) = 27*l**3 - 14*l**2. Let m(q) = 9*q**3 - 5*q**2. Let a(u) = i*m(u) - 4*c(u). List the prime factors of a(-1).
2, 5
Suppose 14200 = 20*x - 10420. List the prime factors of x.
1231
Let u(b) = 3*b**2 - 7*b + 2. Let a be u(6). Suppose -5*o + a + 32 = 0. Let i = o + -12. What are the prime factors of i?
2
Let u = -1045 + 2687. List the prime factors of u.
2, 821
Suppose 0*f - 4*f = -1480. Suppose 3*v + f = 8*v. Suppose -v - 214 = -4*d. What are the prime factors of d?
2, 3
Let p = -131 - -72. Let r = p - -82. List the prime factors of r.
23
Suppose n = 9*n + 912. Let g = 296 + n. What are the prime factors of g?
2, 7, 13
Let h(c) = 166*c - 69. What are the prime factors of h(3)?
3, 11, 13
Let l be 0 - (3/1 + -5). Suppose 3*j - 3*d = 18, -5*d = l*j - j + 24. What are the prime factors of j - (-2)/((-2)/(-25))?
2, 13
Let x(n) = n + 28. Let d be 1/(-2)*-3*10. Let s = -15 + d. What are the prime factors of x(s)?
2, 7
Suppose 0 = -9*y + 5447 + 736. What are the prime factors of y?
3, 229
Let i(j) = -6*j**3 - j**2 + 12*j - 1. What are the prime factors of i(-4)?
11, 29
Let a(z) = 52*z**2 + 12*z - 31. What are the prime factors of a(3)?
11, 43
Let u(x) = 47*x - 139. List the prime factors of u(13).
2, 59
Suppose -5*f = 7*v - 2*v - 280, -5*v - 320 = -5*f. List the prime factors of (-2406)/(-10) - (-24)/f.
241
Let m be 58/18 + (-4)/18. Suppose m*s - 15 = 0, -5*b - 5 + 20 = -s. Suppose 0*y = -b*y + 56. List the prime factors of y.
2, 7
Let w = 379 - 215. List the prime factors of w.
2, 41
Let b(h) = 5*h - 4. Let i be b(2). Let q be (-2)/3 - (-238)/i. Suppose 2*s - 5*t = q, 4*s - 48 = 2*s + 2*t. What are the prime factors of s?
3
Suppose 0 = u - 2*j - 184, u - 3*j = -0*u + 182. Let a = u + -110. What are the prime factors of a?
2, 3, 13
Let o(f) = f**2 - 2*f - 1. Let t be o(7). Let u = 63 - t. What are the prime factors of u?
29
Let b = -2072 - -2911. List the prime factors of b.
839
Let q(j) be the second derivative of 3*j**3 - 61*j**2/2 - 18*j. List the prime factors of q(7).
5, 13
Let l(u) be the third derivative of -u**5/60 - 5*u**4/12 - 2*u**3 + 6*u**2. What are the prime factors of l(-6)?
2, 3
Let g be 4/(-20) + 63/15. Let r be (g/6)/((-8)/(-48)). Let m(y) = -y**3 + 5*y**2 - 3*y + 6. What are the prime factors of m(r)?
2, 5
Let m = -60 + 38. Suppose -4*j - 80 = z - 411, 0 = 3*j + 3*z - 255. Let h = m + j. List the prime factors of h.
2, 3, 5
Suppose -16 = -3*p + 5*f + 13, 3*p - 64 = -2*f. Suppose 36 = 3*i + 3*j, 2*j + p = -0*i + 4*i. List the prime factors of i.
7
Suppose -3*t + 125 = 2*t - 5*w, 4*t + 2*w - 76 = 0. Suppose -6 + t = 3*p. Suppose 0*k + 4*k = 0, -p*h + 2*k = -60. What are the prime factors of h?
2, 3
Let u(l) = 3*l**3 - 57*l**2 - 12*l - 8. List the prime factors of u(20).
2, 7, 17
Let f(j) = -2*j**2 + j + 152. Let k be f(0). Suppose 0 = 9*x + 44 - k. List the prime factors of x.
2, 3
Let r(v) = -2*v - 11 - 2*v - 1 - v**3 + 7*v**2 - 22*v**2. List the prime factors of r(-15).
2, 3
Let x = 16 + -24. Let w(a) = -5 - 1 - 2*a + 1. What are the prime factors of w(x)?
11
Let p(h) = -40*h**3 - 2*h**2 + 1. Let l be p(-1). Suppose -l = -4*u + 3*d + 13, 5*d + 28 = 3*u. List the prime factors of (0 + 1)/(1/u).
2
Let c(h) = -h**2 + h - 17. Let i be c(-8). Let j(w) = -16*w**3 + w - 2. Let a be j(-2). Let l = i + a. What are the prime factors of l?
5, 7
Suppose 3*n - 13 = 5*a, 3*n - 4*a - 1 - 10 = 0. What are the prime factors of ((-3)/(-9) - n)/(6/(-423))?
47
Let l = -327 + 851. What are the prime factors of l?
2, 131
Let f(y) = 299*y**2 - y + 2. Let q be f(1). Suppose -4*k + q = -h + 2*h, -k + 56 = 5*h. What are the prime factors of k?
2, 19
Let w(j) = -j**3 - 8*j**2 + 11*j + 17. Let d be w(-9). Let a(s) = 25*s**2 + 1. List the prime factors of a(d).
2, 13
Suppose 0 = -5*m - 5*c + 7925, -2*m + 6337 = 2*m + c. List the prime factors of m.
2, 3, 11
Suppose 5*c + 0*p = -5*p + 350, -5*c + 5*p = -310. What are the prime factors of c?
2, 3, 11
Suppose 0 = -b + 5 - 1. Let y be b/14 + (-280)/(-49). What are the prime factors of ((-34)/3)/((-4)/y)?
17
Let b = 5952 - 3709. List the prime factors of b.
2243
Let l = 6 - 2. Suppose -l + 20 = g. Suppose g + 11 = 3*z. What are the prime factors of z?
3
Let m(p) = p + 3. Let o be m(-5). Let z(j) = 4*j**3 + 3*j**2 + 3*j + 2. Let x be z(o). What are the prime factors of 0 - (1 - x/(-2))?
11
Let f = -263 - -433. Let j = 241 - f. What are the prime factors of j?
71
Let k(t) be the second derivative of 2*t**3/3 + 6*t**2 - 26*t. What are the prime factors of k(14)?
2, 17
Let p(f) = 80*f**2 - f + 1. Let t = -7 + 8. Let n be p(t). Suppose 0 = -2*o - 2*k + 52, -3*o - 4*k + n = 5. List the prime factors of o.
29
Let m = -551 - -1070. List the prime factors of m.
3, 173
Suppose -140*o = -145*o + 995. What are the prime factors of o?
199
Let u(l) = 251*l**2 - 22*l + 45. What are the prime factors of u(2)?
3, 5, 67
Let y = -3066 - -6232. What are the prime factors of y?
2, 1583
Let d be 8/(2 - 12/4). Let k be (-22)/18 + d/(-36). What are the prime factors of (26/(-8))/(k/16)?
2, 13
Let r(y) = 2*y**2 - 4*y + 1586. What are the prime factors of r(0)?
2, 13, 61
Let v(n) = n**3 + n**2 + n + 26. Let d be v(0). Let c(a) = -4*a**2 + 7*a - 1. Let j be c(3). Let i = j + d. What are the prime factors of i?
2, 5
Let b(y) = -y**2 - 8*y - 7. Let v be b(-6). Suppose -3*x + 153 = -v*n, -109 = -5*x - 5*n + 106. Let i = 65 - x. What are the prime factors of i?
19
Suppose 3*y = 7 - 1. Suppose 3*h - 3*x = 8 - y, 5*h + 2*x = -4. Suppose h = -2*i - 2 + 16. What are the prime factors of i?
7
Let q = -292 + 440. Let f = q + -51. What are the prime factors of f?
97
Suppose 25*i + 23230 = 71*i. What are the prime factors of i?
5, 101
Let t be ((-9)/12)/((-5)/820). Suppose 6*r - t = 201. List the prime factors of r*((-21)/(-6) + -3).
3
Let m(q) = -q**3 + 13*q**2 - 6*q + 16. Let j be m(11). Let a = 270 - j. List the prime factors of a.
2, 3, 13
List the prime factors of (18/189 - 3742/42)*-3.
3, 89
Suppose -j = -2*x + 12, 0*j + 4 = -j. Suppose 7*p - 198 = x*p. What are the prime factors of p?
2, 3, 11
Let w = -108 - -81. Let k = w - -156. What are the prime factors of k?
3, 43
Let m = 569 - 0. List the prime factors of m.
569
Suppose 2*g + 1745 - 10103 = 4*j, -6*g - 5*j + 25040 = 0. List the prime factors of g.
5, 167
Suppose 0 = 5*g - 4*g - 7. Suppose 4*f = 